-3. Is s a composite number?
False
Let s = 60 + -55. Suppose -c + s = -2*v + 2*c, 2*c = 10. Suppose 0 = j - 5*i - 907, -i - 849 = v*j - 5280. Is j composite?
False
Let v = -6 - -2. Is v/((-4)/7551) - (-57 - -53) a prime number?
False
Let q be (-9)/144*-12 + 42/8. Is 1/q - (845625/18)/(-11) prime?
True
Suppose 4*t - 38 = -30. Suppose 0 = -l + 4*b + 3373, 0*b = -5*l + t*b + 16937. Is l composite?
False
Suppose -d - 3*f + 143594 = 0, -1943*f + 1948*f - 287183 = -2*d. Is d prime?
False
Let s(o) = 2428*o**2 - 59*o - 271. Is s(-4) a composite number?
True
Suppose -14*c + 2 = -13*c. Suppose 0*j - j = 3*w - c, 4*j = -5*w + 15. Is (405 - 4 - w) + -5 prime?
True
Let s(z) = -z**2 + z. Let x(c) = c**3 - 31*c**2 + 3*c - 1. Let k(p) = 2*s(p) - x(p). Is k(12) a composite number?
False
Let n(x) = x**3 - 22*x**2 + 56*x + 35. Let z = -51 - -77. Is n(z) a composite number?
True
Let d = 115 + -97. Is (-108)/d - (-339 + 2) a prime number?
True
Let d be 4/(20/15) + (-2 - -1710). Suppose -3*g + 1494 = 2*x - g, 3*x = -g + 2235. Suppose -x = -n + d. Is n a prime number?
False
Suppose g = -g - 6, 0 = -5*u - 2*g - 26. Let f(v) = 28*v - 1. Let j be f(u). Let n = j - -307. Is n prime?
False
Let s = -186 + 264. Let g = 79 - s. Is ((-933)/(-6))/(g/26) prime?
False
Let m(i) = i + 15. Let s be m(-7). Let a be -2*1172/s*-9. Suppose 0 = 6*b - 2*b - 4*u - 2112, -5*b = -2*u - a. Is b a prime number?
False
Suppose -2*a + t = -209456, 12*t + 209432 = 2*a + 7*t. Is a a composite number?
True
Is (-9)/6*((-1438384)/24 - -8) a prime number?
False
Suppose -13*l - 7520775 + 32900948 = 0. Is l a prime number?
False
Suppose -19*z - 207442 + 597075 = 0. Is z prime?
True
Let a = -376 - -361. Let l(y) = -44*y + 106. Is l(a) a prime number?
False
Let o = 793 - 787. Suppose 1925 = i - 3*n, i - o*n = -8*n + 1945. Is i a composite number?
True
Suppose 7*l + 20 = 2*l, 0 = -x + l + 88. Suppose r - x = -5*s, 3*s - 2*s - 24 = -2*r. Suppose 0 = k - h - 767, s = -0*h - 4*h. Is k a prime number?
False
Suppose 1234*j - 1238*j = -45476. Is j a composite number?
False
Let k = 24055 + 2717. Is k + -7 - 7 - -3 a prime number?
False
Let t be (2 + 4 + -6)/(-2). Suppose 3*z + 3 = t, 2*a + 1219 = 4*a - z. Suppose -185 + a = 8*m. Is m a composite number?
False
Let a = 258268 + -159267. Is a composite?
True
Suppose -2*l - 124717 = -3*h, 124724 = 3*h + 29*l - 30*l. Is h a prime number?
False
Suppose -5*q + 16975 = -2335. Suppose 5*y - 3048 = q. Suppose 25*x - 23*x - y = 0. Is x composite?
False
Let v = 145 + -141. Suppose -2*i = 6, v*p - 4*i = 5357 + 6999. Is p a prime number?
False
Let z(u) be the first derivative of u**4/4 + 19*u**3/3 + 3*u**2/2 - 19*u + 91. Is z(-14) a prime number?
True
Let w(t) be the third derivative of -29*t**2 - 1/120*t**6 + 0*t + 0 + 17/24*t**4 - 1/12*t**5 + 1/3*t**3. Is w(-11) a composite number?
False
Let u(c) be the second derivative of c**5/20 - 5*c**4/6 - 3*c**2 + 11*c. Let f be u(10). Is f/8 - 1115/(-4) composite?
True
Suppose -6*d - 1272 = -4014. Is (88/110 - (-8)/(-10)) + d a composite number?
False
Let p = -44855 + 24798. Let w = -13876 - p. Is w prime?
False
Let l = -160 + 164. Suppose -3*m = -v - 2374, 2*m + 0*v = l*v + 1586. Is m prime?
False
Suppose 4*t + m = -66, -3*m - 78 = 5*t - 4*m. Let p(y) = -y**3 - 9*y**2 + 4*y - 35. Is p(t) composite?
False
Suppose 0 = 2*d + 10, -5*d = -5*y - 10*d - 140. Let g(p) = -2*p**2 - 66*p - 41. Is g(y) a composite number?
False
Let b = 35 + -11. Suppose -77*l = -74*l + b. Is (-5 - 92/l)/(3/366) composite?
True
Let o(d) = 11*d**2 - d + 38. Let n be o(16). Is n*1 - 80/16 prime?
True
Let r = 41967 - 28646. Let a = r + -8610. Is a prime?
False
Let y(x) be the first derivative of 2739*x**3 + 2*x**2 + 2*x - 19. Let r be y(-1). Is r/25 + (-6)/10 - -1 a prime number?
False
Suppose 0 = 14*s - 9*s - 10. Suppose -2*b = p - 1257, 4*b - 1193 = s*p - 3699. Is p composite?
True
Suppose 315240 + 16094664 = 150*u + 945054. Is u prime?
True
Suppose 5*p - 103831 - 47214 = 0. Is p a prime number?
False
Let h be (-69)/(-10) + 4/40. Suppose 6*r - h*r = -7. Is r/(-2)*380/(-35) a prime number?
False
Let z(g) be the first derivative of -g - 6 + 1/2*g**2 + 397*g**3. Is z(1) a composite number?
True
Suppose -y = 5*a - 8372, -5*y - 3238 = -3*a + 1774. Suppose 0 = 13*r + a - 13465. Is r prime?
True
Suppose 0 = -4*c - 3*g + 75590, g + 56699 = -4*c + 7*c. Is c a prime number?
True
Suppose 5*u + 5*d = 25, 2*u + 3*d + 3 = 11. Suppose -37837 + 8346 = -u*n. Is n a composite number?
True
Suppose 2*h + 16 = 5*a, 2*a - 6*a - 5*h = -26. Let k be (4 - 20/a)*-10. Suppose -k*p = -3*p - 1813. Is p a composite number?
True
Let r = 108535 + -61196. Is r composite?
False
Suppose 145 = 2*y + 3*y + 4*v, -y - 3*v = -40. Suppose -2*q + 2*a = 12, 4*q + 5*a = -2 - 13. Is (y - q - 4)*14/4 a prime number?
False
Let g(s) = 156*s**2 + 43*s - 1. Is g(-7) composite?
True
Let w(n) be the second derivative of 447*n**5/20 + n**4/6 + n**3/6 - n**2 + 22*n. Let k be w(1). Let z = k - 261. Is z prime?
False
Suppose 2*h + 2*y + 9298 = 4*h, -4*h = 5*y - 18569. Let t = 96 + h. Is t composite?
True
Let g be -5 + (1 - -472) + -1. Suppose 773 = 8*h - g. Let w = h + -96. Is w prime?
True
Let l(x) = 608*x + 131. Let k(p) = 605*p + 131. Let y(r) = -6*k(r) + 5*l(r). Is y(-5) a prime number?
True
Suppose 7*c + 7*c = c + 1405417. Is c prime?
True
Suppose -5*i = -5*q - 49730, -5*q - 2992 - 6958 = -i. Let u = 14542 - i. Is u a prime number?
True
Let t be -3 + (-464)/2*47/(-2). Suppose 5*b - 27245 = 5*u, -b + 3*u = -u - t. Is b composite?
False
Is 2104245975/1235 - (-24)/(-342)*3/(-2) prime?
True
Let t = -19 + 24. Suppose -4*m = -t*m + 2. Suppose -z - 4*z + 3*l = -14228, 0 = -2*z + m*l + 5692. Is z prime?
False
Suppose -u = 2*f - 245502, 11*f = 10*f - u + 122755. Is f a prime number?
False
Suppose 4*q - 2*q = -2*k - 126804, 2*q + 126803 = -k. Is q/(-7) + 4/(-14) a prime number?
False
Is 5 + 0 + 4 + -26 + 51874 a prime number?
False
Let t = 126152 - 19969. Suppose 9*g - t + 3646 = 0. Is g a composite number?
False
Let k be (-3)/(-5)*((-14)/(-7) - -3). Suppose -x = -k - 1. Suppose -x*g + 2515 = 4*s - g, -5*g - 15 = 0. Is s prime?
True
Suppose 70620 = 18*a - 383322. Is a a prime number?
True
Suppose p + 3*u - 17 = 0, -3*p - 3*u + 6 = -21. Let v(f) = 6779*f + 18. Is v(p) composite?
True
Let j = -279431 + 425908. Is j a prime number?
True
Let m be (-2 - 0) + 1 + (1 - 2). Let c be 0/(4 - 1) + 12 + m. Suppose 0 = -k + c*k - 12591. Is k a prime number?
True
Let q(p) = 241257*p**2 + 27*p + 49. Is q(-2) prime?
True
Let w(j) = 7*j**2 + 48*j + 107. Let s(l) = 3*l**2 + 23*l + 53. Let r(t) = -7*s(t) + 4*w(t). Is r(-23) a prime number?
False
Suppose -2*u - 2 = 0, -u + 486204 = 33*r - 28*r. Is r a composite number?
False
Suppose -3*m + 63483 - 300526 = -2*c, 0 = -3*m + 15. Is c composite?
False
Let x(c) = 304*c**2 + 7*c - 11. Let l be x(-6). Suppose l = n - 2004. Suppose 0 = 22*p - 27*p + n. Is p composite?
False
Let i(b) = -328*b**3 - 11*b**2 + 5*b + 1. Is i(-4) prime?
False
Let f = -2789 + -659. Let y = f + 6281. Is y composite?
False
Let o(y) = 6*y - 22. Let z be o(7). Let f be 0 - -1316 - z/5. Suppose -5*a + 6*i + 1309 = 4*i, -f = -5*a + i. Is a prime?
True
Let j(g) = -11*g + 1219. Let b(v) = -2*v + v**2 - 2*v**2 - 16*v + v. Let x be b(-17). Is j(x) composite?
True
Suppose 10 + 6 = 3*y + i, -2*y + 4*i + 20 = 0. Let u be 2 + 5/((-5)/(-2762)). Suppose 0 = -y*w + 2*w + u. Is w a composite number?
False
Let m = 109 + -77. Let q be (-24)/m + (-449)/4 + 0. Let g = q - -364. Is g composite?
False
Suppose -26*p + 37*p + 26*p - 16731437 = 0. Is p prime?
True
Suppose 197*x - 1416693 = 86*x. Is x prime?
True
Suppose 5*v - 455624 = v + 218860. Is v composite?
True
Let b(v) = 7*v + 4. Let t = -29 - -34. Let f(l) = -14*l - 9. Let z(w) = t*b(w) + 2*f(w). Is z(5) prime?
True
Suppose h = -4*j + 70, -j - 4 = 2*h - 25. Suppose 2*s = -13 + j. Let z(r) = 900*r - 7. Is z(s) a composite number?
True
Let b = 483 + -481. Suppose 0*h + 6 = -3*h, -2*s + b*h + 91898 = 0. Is s composite?
True
Suppose 13*o - 24733331 = -46*o. Is o prime?
False
Suppose 0 = 2*a + 102 - 118. Suppose 2*v + 11971 = 3*b, 6*b - a*b = 5*v - 7968. Is b prime?
True
Let i = 0 - -10. Suppose n = -4*n + i. Suppose -5*z + 1945 = 2*k, 2*z + 2883 = 3*k - n*z. Is k a composite number?
True
Su